 -12*t, 3*s = -5*t + 110. Suppose -13*p - 38 - s = 0. Let l(h) = 3*h - 8. Calculate l(p).
-26
Suppose 2*p = -2*p + 2*p. Suppose -18*z + 100 - 10 = p. Let y(a) = a**2 - 3*a + 3. Give y(z).
13
Let j(t) = -2 - 9767*t**2 - 3*t**3 + 19496*t**2 + 2*t**3 - 9763*t**2. What is j(-34)?
-2
Let j = 9995 - 9979. Let k(v) = v**2 - 13*v - 53. What is k(j)?
-5
Let b(q) = 16 + 4 - q**3 - q**2 + 2*q**3 - 5 - 2*q**3. Suppose 0*f + 3*f - 6 = 0. Let n be 1/(-4) - f/(-8). Determine b(n).
15
Let d(y) be the first derivative of y**4/4 - 10*y**3/3 + 3*y**2 - 4*y - 958. Determine d(9).
-31
Let r = -9347 + 9361. Suppose -4 = 4*u, j + 4*u + 1 - 2 = 0. Let n(t) = t**2 - 10 - 1 - j*t**3 - 4 + r. Calculate n(1).
-5
Let j = 49824 - 49819. Let l(o) be the first derivative of o**3/3 + o**2/2 + 2*o - 1. Determine l(j).
32
Let y(s) be the second derivative of -21*s**3/2 - s**2/2 - 1254*s. Calculate y(0).
-1
Let t = -72 - -186. Let b = t - 24. Let s = b + -84. Let z(n) = -n + 1. Calculate z(s).
-5
Let q(b) = 2*b**2 + 4*b - 1. Let w = -93 - -44. Let d = -97 - w. Let n be d/32 - (-6)/(-4). Give q(n).
5
Let y(x) = -2*x**3 - 20*x**2 + 7*x + 74. Let p be ((-248)/(-558))/((-6)/135). What is y(p)?
4
Let f be (-4)/(((-1)/(-8))/(7/(-14))). Let u be ((-8)/(-32))/(2/f). Let p(t) = -6 + t**u - 2*t + 6 + 5*t**2. Calculate p(2).
20
Let a = 96 - -23. Let d = a + -127. Let c(u) be the first derivative of -u**3/3 - 7*u**2/2 + 8*u - 3. Determine c(d).
0
Let l(q) = q**3 + 16*q**2 + 66*q + 15. Let s be (-54 - -45) + 2 + -1. What is l(s)?
-1
Let m(a) = -747*a**2 + a**3 - 2*a + 1499*a**2 + 1 - 749*a**2. What is m(-2)?
9
Let v(l) = 3*l**2 + 4*l. Let w be v(-3). Suppose w*u = 3*u + 36. Let x(q) = -q**3 - 543 + 4*q - u*q + 546 + 3*q**2. What is x(4)?
-9
Suppose -2*p = -5*v - 0*p + 18, 0 = -2*v + 5*p + 3. Let m(l) be the first derivative of -v*l - 3/2*l**2 + 1/3*l**3 + 20. Calculate m(3).
-4
Let x(l) = 27*l**2 - 93*l**2 + 24*l**2 + 4 + 22*l**2 - 3*l + 19*l**2. Let h be 19/(-4) + (-7)/28. Calculate x(h).
-6
Let q(l) = -600*l + 2042*l + 2 - 594*l - 837*l. Let z = -2 + 0. What is q(z)?
-20
Let f = 424 - 414. Suppose -f*c + 5*c + l = -28, 4*c - 16 = 4*l. Let o(v) = v - 1. Let n(i) = -6*i + 4. Let a(g) = -n(g) - 5*o(g). Determine a(c).
7
Let w(g) be the first derivative of -7*g**2/2 - 559*g - 5576. Calculate w(-81).
8
Let i be (-2 + 14/4)/((-706)/(-1412)). Let l(p) = p**3 + 6*p**2 - 32*p + 12. Give l(i).
-3
Let p(q) be the first derivative of -q**3/3 + q**2 + 6*q - 54. Let g be p(3). Let d(z) = z**2 - 2*z - 4. Give d(g).
-1
Let k(i) = -i**3 - 3*i**2 + 3*i + 2. Let f be k(-3). Let c(l) be the first derivative of -l**3/3 - 2*l**2 - 5*l + 222. Determine c(f).
-26
Let p be (-104)/(-3)*153/204. Let f(s) = -2*s + 43. What is f(p)?
-9
Let p(q) = q**3 - 2*q**2 - 4*q + 5. Let y be p(3). Let v(g) = 12 - 1 - 6 - y*g + g. Give v(5).
0
Let b(x) = x**3 + 5*x**2 - 10*x - 7. Suppose -4*a - 756 = -4*r, r + 3*a - 721 = -3*r. Suppose 9*u = 121 - r. Give b(u).
-35
Let o(j) = 1 - 7 - 2 - 11 + 35 + 9*j. Determine o(5).
61
Let h = -104 - -112. Let q(r) = -2 - r**3 + 8*r**2 + r + h*r**2 - 21*r**2 + 9. Let o(b) = b**3 - 5*b**2 - 5. Let t be o(5). What is q(t)?
2
Let m(l) = -11*l**2 + 5 - 172*l**2 - 6*l - 2 + 179*l**2. Calculate m(-2).
-1
Let i(v) = -12*v**2 - 107*v - 117. Let u(n) = 6*n**2 + 78*n + 58. Let k(q) = 2*i(q) + 5*u(q). Give k(-29).
-2
Let c = -44 - -133. Let r = c + -90. Let w(n) = 16*n**3 + 2*n + 1. Calculate w(r).
-17
Let c(t) = -t**3 + 6*t**2 - 5*t + 26. Let u(n) = -8*n + 174. Let d be u(21). Let y be c(d). Let z(b) = b**2 - 2*b - 6. Give z(y).
18
Let q be 0/(0 + 7 + -6). Suppose 14*i - 12*i + 14 = q. Let h(f) = -f + 3. Give h(i).
10
Suppose 0 = 16*q - 14*q - 10. Let v(c) = -3 - q + c + 1. Let k = 957 + -951. Calculate v(k).
-1
Let w(c) = c**2 - 19*c + 83. Let s be w(8). Let f(z) = -z**3 - 6*z**2 - 6*z. What is f(s)?
5
Let z(t) = -t + 55. Let w be z(-14). Suppose -6*f + 9 = w. Let u(v) = v**2 + 10*v + 4. Calculate u(f).
4
Suppose 9*o = 8*o + 15. Let i(y) = -y**3 + 10*y + 6*y - 30 - o*y**2 + 37. What is i(-16)?
7
Let x(p) be the third derivative of -29*p**4/24 - 9*p**3 + 1800*p**2 - p. What is x(-2)?
4
Let w(s) = -47*s - 4179. Let r be w(-89). Let h(t) = t**3 - 6*t**2 + 12*t - 10. Calculate h(r).
6
Let r be 7 - (-3)/(((-1)/(-1))/(-1)). Let u(o) = 2*o**2 - 9*o + 1. Determine u(r).
-3
Let k(a) = -a**3 + 5*a**2 + 4*a + 4. Let c(t) = t**3 + 24*t**2 - 55*t - 867. Let g be c(-25). Let l be -1*6*(-112)/(-6). Let h = l - g. Give k(h).
24
Let l(y) be the first derivative of -220 + 3*y + 1/3*y**3 - 7/2*y**2. Give l(6).
-3
Let n(k) = -61 - 68*k**3 - 71*k**3 + 54 + 140*k**3 - 7*k. What is n(3)?
-1
Let z = 26950 - 26945. Let g(w) be the third derivative of -5*w**4/24 + 31*w**3/6 + 2*w**2. What is g(z)?
6
Let i(n) be the third derivative of n**6/120 + n**5/6 - 13*n**4/24 - 5*n**3/2 + n**2 - 1194. What is i(-11)?
7
Let c(s) = -s**3 + 3*s**2 + 2. Let b = -153 - -151. Let v be 1 - b - (-3 + 3). What is c(v)?
2
Suppose 102 = 2*g + 5*y, -4*y = g - 2*g + 64. Suppose -6*s - 8*s - g = 0. Let o be 0 - (24/(-3) - s). Let j(d) = d**2 - 4*d - 5. Calculate j(o).
-5
Let t = -4023 + 4036. Let j(o) = -o**3 + 12*o**2 + 15*o - 14. What is j(t)?
12
Let x(w) = 2*w + 6. Let r be (-1 - 6/(-10))/((-1)/(-10)). Let i(t) = -t**3 - 5*t**2 - 8*t - 12. Let m be i(r). Suppose 0 = -m*n - 0*n - 20. Determine x(n).
-4
Let f(u) = -10*u - 42193 - u**2 + 84380 - 42194. Give f(-6).
17
Let l(t) = -t**2 + 13*t + 55. Let w = 7487 - 7490. Give l(w).
7
Suppose -5*b - 3*j - 4 = 0, b + 18*j + 8 = 21*j. Let t(s) = -36*s + 2. What is t(b)?
74
Let u = -23367 + 23369. Let m(v) be the second derivative of -v**5/20 + v**4/4 - v**3/3 + 3*v**2/2 - 5*v. Determine m(u).
3
Let w(u) = 11*u + 445. Suppose 2*s = 12, -3*h + 5*s + 155 = 308. Calculate w(h).
-6
Let r(q) = 23*q - 256. Let f be r(11). Let g(t) = -3*t - 9. Determine g(f).
0
Let b(x) = -2*x + 1. Let w(q) = -q**2 + 19*q - 54. Let o be w(17). Let u = -18 - o. Calculate b(u).
-3
Let v = 160 - 48. Let t(l) = 1 - 3 + 110*l**2 - v*l**2. Calculate t(-3).
-20
Let m(p) be the first derivative of p**3 - 4*p**2 - p - 200. Calculate m(6).
59
Suppose 2*w + 43 + 45 = 3*o, 138 = 5*o + w. Let h(q) = o - 5 - 7 - q - 13. Let j(x) = 3*x - 3. Let m be j(4). Determine h(m).
-6
Suppose 0 = 2*p - 2*o - 666, 4*o = 2*p + o - 669. Let c = -108 + p. Let w(b) = -222 + b + c. What is w(3)?
3
Let d(y) = 2*y**2 + 5*y + 7. Suppose 0 = 4*c + 8, -12*t + 16*t - 6 = 3*c. Determine d(t).
7
Let c(i) = i**3 + 13*i**2 - 19*i - 250. Let d(p) = 46*p + 1091. Let h be d(-24). What is c(h)?
-3
Let g(x) be the first derivative of x**6/120 + x**5/60 - 3*x**3/2 - 28*x**2 - 76. Let b(i) be the second derivative of g(i). What is b(0)?
-9
Let k = -20 - -12. Let m(z) be the first derivative of z**3/3 + 9*z**2/2 + 2*z - 26508. Calculate m(k).
-6
Let l = 4060 - 4056. Let m(g) = -41*g + 146. Determine m(l).
-18
Suppose -4*s = 26 - 2. Let t(b) = -21*b**2 + 10 - 3 + 25*b**2 + 6*b**3 + 7*b. Let q(x) = -7*x**3 - 4*x**2 - 8*x - 8. Let v(a) = s*t(a) - 5*q(a). What is v(-4)?
6
Suppose 9*g - 17*g + 16 = 0. Suppose -3*d = 1 - 7. Suppose b - 4*u = -u + g, 0 = b + u + d. Let z(q) = -5*q**3 + q**2 + q. Give z(b).
5
Let j(u) = 4*u + 3. Suppose -35*n + 31*n - 28 = 0. Let s be 70 - (n/(-14) - (-9)/6). Let a = s - 70. Calculate j(a).
-5
Let s be (-5*3/(-30)*0)/(5 - (5 + 1)). Let d(u) be the third derivative of u**4/24 - 3*u**3/2 + u**2. Calculate d(s).
-9
Let y(v) = -v + 9. Let s be y(1). Let z(o) = -4*o**2 + 29*o + 27. Let r be z(s). Let d(t) = 2*t**2 + t + 1. What is d(r)?
22
Let h(t) = -2 + 7*t - 2*t**2 + 3*t + 1. Let a(y) = y**2 - 5*y. Let o(u) = -5*a(u) - 2*h(u). Let v be 3/(-12) - 1/((-16)/84). Give o(v).
2
Let m(r) = 2*r**2 - r + 2. Let k be -1 - (-12691)/42 - (-4)/(-24). Let s = k + -303. What is m(s)?
12
Let j(t) be the third derivative of 13*t**4/24 - 2*t**3/3 - 174*t**2 + 5. Give j(-1).
-17
Suppose -234*u + 4*f = -231*u + 94, 4*u + 5*f = -53. Let z(b) = 7*b + 152. What is z(u)?
-2
Let o = -157 - -260. Let j = -101 + o. Let v(c) = 12*c - 2. Determine v(j).
22
Let s(c) = c**3 - 8*c**2 + 7. Let b be (0 + -4)*(-6)/8. Suppose -2*w = -4*u + 26, -b*u - 2*u - 4*w = -52. Determine s(u).
7
Let q(k) = -13*k**3 - 3*k**2 + 5*k + 5. Let n be q(-2). Suppose -19*m = 10*m + n. Let t(w) = -w**2 + 3*w + 1